e prime factors of o.
3, 11
Let b be (-2)/5 - 6/(-15). Suppose -5*k = -b*k - 60. What are the prime factors of k?
2, 3
Let p = 3 - 3. Suppose -5*s = 10, l - 2*s - 34 = -p*s. Suppose 0*v - 3*v = -l. What are the prime factors of v?
2, 5
Let b = 1 - 7. What are the prime factors of 4/b*(-69)/2?
23
Let t be (-2)/((-28)/20 - -1). Suppose 3*u = 2*v + 6*u + 11, -2*v - u - 5 = 0. Let b = v + t. What are the prime factors of b?
2
Let v(t) = 2*t + 198. List the prime factors of v(0).
2, 3, 11
Let n(x) = -x**2 + 10*x - 6. What are the prime factors of n(5)?
19
Suppose 0 = -5*s - 2*u + 135 + 111, s - 5*u - 60 = 0. What are the prime factors of s?
2, 5
Let b(y) = -6*y. Suppose -d + 4 = 2*m, -3*m + 0*m = -d - 11. List the prime factors of b(d).
2, 3
Let u = 577 + -333. Suppose 4*j - u = -28. List the prime factors of (-6)/8 - j/(-8).
2, 3
Let f(u) be the third derivative of 0*u + 1/24*u**4 + 1/5*u**5 + 0 + 0*u**3 + u**2. What are the prime factors of f(1)?
13
Suppose -83 = -3*l + 115. List the prime factors of l.
2, 3, 11
Suppose n - 4*u = 18, -3*n - 1 = 4*u - 7. Let i(o) = o + 1. Let v(s) = 10. Let k(q) = 3*i(q) - v(q). What are the prime factors of k(n)?
11
Let n(z) = -22*z + 4. Let i be n(-3). Suppose -4*m + i = -10. What are the prime factors of m?
2, 5
Suppose -v + 191 + 1 = 0. What are the prime factors of v?
2, 3
Let n = 13 + -5. What are the prime factors of n?
2
What are the prime factors of (-112)/(-3) + 4/(-12)?
37
Let a(k) = k**3 - 3*k**2 - 12*k + 10. List the prime factors of a(8).
2, 3, 13
Let a = -20 - -21. What are the prime factors of (0 - a) + (47 - 13)?
3, 11
Let f(v) = v**3 - v**2 + 3*v - 2. What are the prime factors of f(4)?
2, 29
Suppose 4*y - 2 + 18 = 0. Let s = y - -4. Suppose s = 4*k + 27 - 79. What are the prime factors of k?
13
Suppose 4*g + 2*p - 4 = 3*p, 0 = -4*g - 5*p + 4. Let u be (2 - (g + 4)) + 10. Suppose -4*t = 3*q + u, -20 = -2*q - 2*q + 2*t. What are the prime factors of q?
3
List the prime factors of ((-8)/(-10))/((-2)/(-80)).
2
Suppose 2*d + s = -2*s + 12, 13 = 5*d - s. Suppose -9 = d*j - 87. List the prime factors of j.
2, 13
Suppose -3*i + 21 = -48. Let a = 46 - i. List the prime factors of a.
23
Suppose -3*k + 77 = 5*u, 5*u - 2*k - 9 - 48 = 0. Let j = u + -3. What are the prime factors of j?
2, 5
Let w = 11 - 1. Let k be ((-10)/(-2))/(-1*1). Let t = w + k. List the prime factors of t.
5
Suppose -2*t + 4*a = -138, t - 316 = -3*t - 2*a. What are the prime factors of t?
7, 11
Suppose 5*h = 3*g - 66, 2*g + 8 - 24 = h. Let i = 30 + h. List the prime factors of i.
2, 3
Let y be -1 - 0 - 1*-5. Suppose 0 = -4*g - 2*f + 168, -f = y*g - 83 - 89. What are the prime factors of g?
2, 11
Suppose 3*o = -9, 4*o + 33 = 5*y - 2*y. Let t(m) = m**3 - 7*m**2 + 2*m - 9. Let n be t(y). What are the prime factors of n/3 + 2/6?
2
Let v(x) = -x - 3. Let o be v(-5). Let a(k) = 13 - k - 2*k + 4*k - 4*k**2 + 3*k**o. List the prime factors of a(0).
13
Suppose -r + 2*k + 0*k - 84 = 0, 4*r - 3*k = -321. Let v be (5/10)/(2/(-40)). List the prime factors of r/v + 1/5.
2
Let t(w) = -w + 3. Let j be t(-5). Let x = j - 5. Suppose 0*k + 2*k - 24 = -y, 3*k - 36 = -x*y. List the prime factors of k.
2, 3
Let d = -7 - -11. Let i = 6 - d. Let x = i - -3. What are the prime factors of x?
5
Suppose 0*p - 2*m = p + 4, p - 3 = 5*m. Let y = 6 - p. List the prime factors of y.
2
Suppose -3*g - 3*s + 6 = 0, s = -3*g + 2 + 8. Suppose g*k + 5*n - 28 = 0, -n + 0*n = -5*k + 64. List the prime factors of k.
2, 3
Let y(d) = -d - 5. Let a be y(-7). Let q(o) = -3*o**3 - o**2 + o - 1. Let f be q(a). Let n = 46 + f. List the prime factors of n.
19
Let b = -87 - -57. Suppose -4*q = 2*o - 27 - 79, o + q - 50 = 0. Let w = b + o. List the prime factors of w.
17
Suppose 5*z + 4*o - 16 = -0*o, -2*z + 13 = -5*o. Suppose z*l = -0*l + 76. List the prime factors of l.
19
Let i = 5 - 0. Suppose -4*h + 3*m = -5, i*m + 6 = 2*h + 21. What are the prime factors of h?
5
Suppose -4*v = -b + 4*b + 5, -3*v + 5*b - 11 = 0. List the prime factors of (v - 0) + 17*2.
2
Suppose d + 3*d = -16. Let n(c) = c + 9. What are the prime factors of n(d)?
5
Let h(b) = b**2 + 3*b + 4. Let q be h(-3). Suppose -2*t + 3 + 0 = -r, -q*t + 41 = 5*r. Suppose -4*o + r = -15. List the prime factors of o.
5
Let b(g) be the third derivative of -g**6/120 + g**5/10 + g**4/4 + 5*g**3/3 - g**2. List the prime factors of b(7).
3
Let s(m) = 25*m**2 - 1. Let h be 1*2/4*-2. List the prime factors of s(h).
2, 3
Let i be (-2)/(-11) + (-130)/(-11). Suppose 3*k - 7*k + i = 0. Suppose k*f = 3*p - 45, -2*p - 4*f = 2*p - 28. What are the prime factors of p?
11
Let d = -108 + 300. What are the prime factors of d?
2, 3
Suppose -4*s + 24 = 4. Suppose 0 = -2*h + f + 28 - 6, -s*h = -5*f - 45. List the prime factors of h.
13
Suppose 5*u + 3*u - 1600 = 0. What are the prime factors of u?
2, 5
Let r(v) be the third derivative of v**4/3 + 2*v**2. List the prime factors of r(1).
2
Suppose 3*q = -q. Let k = 4 + -2. Suppose 0*j + j - 7 = -5*m, -k*j - 4*m + 20 = q. What are the prime factors of j?
2, 3
Let r be 12/(-16) - (-2)/(-8). Let z = r + 3. Suppose 0 = -4*q + z*q + 20. List the prime factors of q.
2, 5
Suppose 5*h = -2*g, 5*g = h - 3*h + 21. Suppose -5*u + 2*m = -50 - 14, -g*m = -3*u + 27. What are the prime factors of u?
2, 7
Let b = 39 + 136. List the prime factors of b.
5, 7
Suppose -k = -0*k - 3. Suppose -2*p = k*p. Suppose a - 2*a + 7 = p. What are the prime factors of a?
7
Suppose -t - 15 = -2*t - 5*z, 4*z - 12 = t. Suppose t*w = 3*w - 2*a - 88, -2*a = 5*w - 152. What are the prime factors of (4/3)/(4/w)?
2, 5
Let q be (-2 - -2)/(-1) - 10. Let d = -2 - q. What are the prime factors of d?
2
Let z(o) = o**3 + 6*o**2 + 5*o + 4. Let r be z(-5). Suppose -h + 4*b = h - 12, -b + 6 = r*h. Suppose h*a - 6 = -a. What are the prime factors of a?
2
Suppose -3*a = 4*v + 11, 5*a - 3 = -v - 10. Let n(u) be the third derivative of -u**4/8 - u**3/6 - u**2. List the prime factors of n(v).
5
Let u(b) = 17*b**2 - 6*b - 9. Let j(q) = 6*q**2 - 2*q - 3. Let m(p) = -8*j(p) + 3*u(p). What are the prime factors of m(-3)?
2, 3, 5
Suppose 21 = -9*w + 6*w. Let u = 14 + w. List the prime factors of u.
7
Suppose -3*k - 3*q = -660, -3*k + 0*q + 681 = -4*q. List the prime factors of k.
223
Let k(t) = 7*t**2 + 2*t + 1. Let b be k(-1). Let r = -10 + b. Let z = r - -17. What are the prime factors of z?
13
Let z be 41 + (-8)/2*-1. Suppose 0 = -3*d - 4 + 13. Suppose 3*q + j = -q + z, d*q = -2*j + 35. List the prime factors of q.
11
Suppose 0 = -5*d - 2 + 22. Suppose -p + 12 = -d. What are the prime factors of p?
2
Let j be (-1)/(-2)*(-24)/(-6). Let q = -31 + 13. What are the prime factors of q/(-3) + j/(-2)?
5
Let a be (-48)/(-15) - (-1)/(-5). Suppose 0 = 4*v - a*v - 12. List the prime factors of v.
2, 3
What are the prime factors of ((-6)/(-4))/(6/256)?
2
Let z = 16 - 7. Suppose -j + 9 = -z. Suppose 0 = -5*a + 12 + j. What are the prime factors of a?
2, 3
Let s = 2 - -10. List the prime factors of s.
2, 3
Suppose 6 = -4*c + 3*g - 46, 6 = -c - g. What are the prime factors of c/15 + (-44)/(-3)?
2, 7
Suppose 3*q - 123 = 3*l - 2*l, -185 = -5*q - 5*l. What are the prime factors of q?
2, 5
Suppose 0 = -j - j + 12. Let m(g) = g**2 - 6*g + 3. List the prime factors of m(j).
3
Let k = -5 - -5. Suppose 6 = 3*m - k. Suppose m*j - 4 - 16 = 0. List the prime factors of j.
2, 5
Suppose -7*r = -5*r - 32. Suppose 2*l - 7 = 1. Suppose r = l*w - m, 0*w - 4*m + 26 = 2*w. List the prime factors of w.
5
Suppose 0 = 3*p - h - 54 - 97, -196 = -4*p + 4*h. What are the prime factors of p?
3, 17
Let p be 3/(-2 - 23/(-11)). Suppose -2*u + 8 = 0, 0 = -4*z - u + p + 11. List the prime factors of z.
2, 5
Let w be (-1)/(-1) - (-2 - -1). Let d be (w - (-2 + 2)) + 3. Suppose -d*p + 0*p + 55 = 0. What are the prime factors of p?
11
Suppose -2*o + 136 = 2*k, -5*k - 3*o + 334 = -0*o. Suppose -m - k = -6*m. List the prime factors of m.
13
Let j = 28 - 55. Let f = 67 + j. Suppose 0 = 3*q - 7*q + f. List the prime factors of q.
2, 5
Let f(z) = -2*z + 1 + 0*z + z**2 + 3 + 0*z**2. Suppose 0 + 9 = 3*b. What are the prime factors of f(b)?
7
Let u be 12/(-5) - 6/(-15). Let w = 9 + u. What are the prime factors of w?
7
Suppose x + 3*v = -v - 19, x = v + 6. Suppose i + 0 = 4*z + x, 3*z + 12 = 3*i. List the p